 divided by 89?
88
Suppose 0 = 6*t - t + 36*t - 2173. Calculate the remainder when 361 is divided by t.
43
Let m(n) = -n**3 - 10*n**2 - 5*n + 130. Let q(s) = 14*s. What is the remainder when q(6) is divided by m(-7)?
12
What is the remainder when (-24)/6 + (-8 - -289) is divided by 54?
7
Let x be (15/(-20))/((-5)/20). Let z(m) = -4 + 5*m - m**3 + 2*m**3 + 6*m**2 - 2*m**2. Calculate the remainder when z(x) is divided by 15.
14
Suppose 4*t = 8*n - 9*n - 29, -2*n - 23 = t. Suppose -o - 2*o - 2*b = -21, -o + b = -2. What is the remainder when o is divided by (n - (-198)/24)/(2/(-8))?
2
Suppose 4*t + 3*j = 219, 4*t - 2*j - 148 = 46. Suppose 5*y - 108 = -4*x, -3*x + t = y - 30. What is the remainder when 77 is divided by x?
23
Suppose -3941 = -491*r + 8815 + 2465. Suppose 3 = -4*o + 15, 3*u = -4*o + 33. Let f = 1 + u. What is the remainder when r is divided by f?
7
Let y be 9/(-24) - 1158/(-16). Suppose 2*g - y = -g - 4*r, 0 = 3*g + 2*r - 72. Suppose -6*z + 380 = -2*z. Calculate the remainder when z is divided by g.
23
Let j = -6269 + 6292. Calculate the remainder when 1883 is divided by j.
20
Let w = -3453 + 3646. Calculate the remainder when 202 is divided by w.
9
Suppose 0 = 5*a - 3*t - 15, -3*a - t - 2*t = -33. Suppose -2*j - 24 = -a*j. Suppose 14*k - 243 + 33 = 0. What is the remainder when k is divided by j?
3
Suppose -5*g - 44 = 3*n, -13*g + 5*n - 60 = -8*g. Let h(b) = b**3 + 12*b**2 + 17*b - 3. What is the remainder when 94 is divided by h(g)?
13
Calculate the remainder when 6949 is divided by -3 + (7/28 - (-594)/24).
19
What is the remainder when 4506 is divided by 11/44*-154*14/(-11)?
47
Suppose -5*a + 4*r = -22925 - 13966, -3*a + 4*r + 22141 = 0. What is the remainder when a is divided by 238?
235
Let w = 430 - -85. Suppose 101 = n + m, 4*n + m = w - 96. Calculate the remainder when n is divided by 12.
10
Suppose 882 = 89*u - 68*u. What is the remainder when u is divided by 23?
19
Let g = 142 - 140. Calculate the remainder when 4743/99 + g/22 is divided by 10.
8
What is the remainder when ((-2401)/14)/(5*(-5)/50) is divided by 21?
7
Let q = 1713 + -1127. What is the remainder when q is divided by 576?
10
Let u = -4 + 23. Calculate the remainder when 5114/10 + 43/(860/(-8)) is divided by u.
17
Suppose 2*v + 7 = 17. Suppose 49*k - 2*o + 60 = 51*k, v*k = -3*o + 146. What is the remainder when k is divided by 11?
6
Let i be (108/(-1))/(-3) - 1. Let g = i + -26. Calculate the remainder when 4*g*(1 - (-5)/(-15)) is divided by 9.
6
Let o be 1*132*12/9. Let f = -121 + o. Let k = -47 + f. What is the remainder when k is divided by 6?
2
What is the remainder when 14 - (-31)/((-186)/(-1248)) is divided by 23?
15
Calculate the remainder when 698 is divided by 160457/435 + 19 + 2/15.
310
Suppose -5*u - 413 = 2*n, 3*u = -n - 139 - 108. Let c = u - -120. What is the remainder when (3 + -1)/(-2) + 154 is divided by c?
36
What is the remainder when 179/((4/32)/(15/20)) - -2 is divided by 356?
8
Let a(t) = 2*t**2 + 17*t + 2. Suppose -z - c - 173 + 283 = 0, 3*z - 2*c - 310 = 0. Calculate the remainder when z is divided by a(-9).
7
Let s(q) = -2*q**3 - 31*q**2 - q + 145. What is the remainder when s(-17) is divided by 171?
3
Suppose -323*d - 9129 = -655*d + 315*d. What is the remainder when d is divided by 525?
12
Let s(p) = 2*p. Let d be (-1*21/(-14))/(2/(-4)). Let j be s(d). Calculate the remainder when (1/j)/1*-2*21 is divided by 5.
2
Let f be -2*1/(4/(-6)). Let o = -17 - -21. What is the remainder when ((-42)/9)/((-2)/f) is divided by o?
3
Let m = 1006 + -877. Calculate the remainder when 274 is divided by m.
16
Let t(r) = 3 + 7*r**2 + 5*r**2 + 7*r - 9*r**2. What is the remainder when t(-7) is divided by 34?
33
Let z = -245 - -248. Suppose m + 4*r - 18 = -0*m, -z*m + 54 = -5*r. Calculate the remainder when 105 is divided by m.
15
Suppose -14*p + 19*p - 40 = 0. Let h = 10 - p. Suppose 2*t = -h, 2*g + 2*t - 51 + 15 = 0. What is the remainder when 74 is divided by g?
17
Suppose 62 - 42 = -4*p, -l - 5*p + 1724 = 0. Let i(o) = 5*o - 13. Calculate the remainder when l is divided by i(6).
15
Let g(o) = 2*o - 1 + 0 - 4. Suppose -j = -3*z + j + 56, 5*z + 5*j - 85 = 0. What is the remainder when g(z) is divided by 11?
9
What is the remainder when ((-1520)/589)/40 + (211056/62)/2 is divided by 121?
8
Suppose 4*f - 4*y - 24 = 0, -2*y + 7 = 4*f - 5. Suppose -9 = -3*b + 6, -f*b + 22 = -q. Calculate the remainder when ((-96)/(-64))/(q/(-64)) is divided by 13.
9
Suppose -45 = -16*n + 7*n. Suppose -x - 620 = 5*o, -2*o - 3*x + 354 = -n*o. Let m = o + 135. What is the remainder when 167 is divided by m?
11
Let w(d) = d**3 - 1 + 82*d**2 + 61*d**2 - 129*d**2 + 2 + 27*d. What is the remainder when w(-7) is divided by 39?
38
Let k(b) = -b**3 - 16*b**2 - 2*b - 19. Let w be k(-16). Let o = w + 3. Calculate the remainder when 2/(-6) + (-1390)/(-30) is divided by o.
14
Let i = 96 - 84. Suppose 4*g - g = i, -4*n + g = 144. Let x = n - -65. What is the remainder when x is divided by 9?
3
Let j(s) = 5*s + 54. Let m be j(-10). Suppose 0 = 11*f - m*f - 616. What is the remainder when f is divided by 15?
13
Suppose 3 = -y - 3*p + 26, 5*y - 96 = 4*p. Let r(w) = 320*w. Let i be r(2). Let u = 647 - i. What is the remainder when y is divided by u?
6
Suppose 5*o + 40 = -4*s, -11*s + 8*s + o = 30. Let j = 11 - -6. Let n = j - s. What is the remainder when 50 is divided by n?
23
Suppose 0 = -b - 4*g + 47, 2*g = -3*b - g + 141. Let p = -16 + b. Suppose -4*z - 222 = -2*j, 0 = 5*z + 2 - 27. What is the remainder when j is divided by p?
28
Let j(u) = u**2 + 29*u - 172. Let i be j(-35). Suppose 4*v - 45 = -t, 5*t = 8*v - 11*v + i. Let f = 71 + -31. Calculate the remainder when f is divided by v.
7
Let y be 1 + 2 + -3 - (-95)/19. Let b = 17 - 25. Calculate the remainder when 25 is divided by (1 + b/(-20))*y.
4
Let z be 6*(-4)/8 - -14. What is the remainder when 3*z*1/((-6)/(-22)) is divided by 36?
13
Suppose 0 = -3*i + 3*t + 90, -3*i + 2*t = -58 - 28. Let b = -7 + i. Calculate the remainder when 71 is divided by b.
14
Suppose 5*t - 100 - 550 = 0. Suppose -10 = -2*i, -2*i - t = -4*x + 68. Calculate the remainder when x is divided by 22.
8
Let v = -856 + 995. What is the remainder when v is divided by 133?
6
Suppose 0 = 49*d - 50*d + 36. Let y = 56 - d. Let x(j) = -j**3 + 7*j**2 + 2. Calculate the remainder when x(6) is divided by y.
18
Suppose 0 = 4*p - 591*w + 589*w - 492, -3*w + 12 = 0. Calculate the remainder when 420 is divided by p.
45
Let r = 27521 - 27476. What is the remainder when 943 is divided by r?
43
Let t(c) = 14*c**2 - 2*c + 2. Let q be t(-6). Let b = 527 - q. What is the remainder when 9 is divided by b?
0
Suppose 6*z - 4*z = -6. Let s = z + 8. Suppose -u - s*f = -28 - 19, f = -2. Calculate the remainder when u is divided by 20.
17
Let x = 1100 - 1017. Calculate the remainder when 823 is divided by x.
76
Suppose w - 5184 = 10*w. Let q = 635 + w. Calculate the remainder when q is divided by 8.
3
Let x(t) = -55*t - 75. Let z(p) = 3*p - 6. Let i be z(5). Suppose q = i + 10. Calculate the remainder when x(-2) is divided by q.
16
Let i = 20017 - 10213. Suppose 54*u - i - 7476 = 0. Calculate the remainder when u is divided by 19.
16
Let z be -3 + -6 + 4 + 222. Let u = z - 71. Calculate the remainder when u is divided by 6.
2
Let s = -1115 + 501. Let n = 658 + s. What is the remainder when n is divided by 15?
14
Suppose 4*d + l - 14 = 0, -5*d + 3*l + 20 = 11. Suppose m - d = 6. Calculate the remainder when 16 is divided by m.
7
Calculate the remainder when 890 is divided by (3/(-4))/(-37 + (-3254)/(-88)).
32
Let y be 5*6*(-20)/(-15). Let m = 41 - y. What is the remainder when 24 is divided by (m + 0)/(3/39)?
11
Suppose -3*b = a - 15 - 3, 5*b = -3*a + 34. Calculate the remainder when a is divided by ((-2 - -3) + 3)*6/24.
0
Suppose -5*m = 3*x - 72, -5*x - 47 = -5*m + 73. What is the remainder when 1364 is divided by m?
14
Suppose -11*w - 16 = -7*w. Let t = w - -7. Suppose t*v - 72 = -3*n, -57 = -2*v - 0*v + n. Calculate the remainder when 107 is divided by v.
26
Suppose -y + 7*l + 816 = 0, 3984 = -18*y + 23*y - 3*l. Calculate the remainder when y is divided by 47.
43
Let d(k) be the first derivative of k**4/4 - 7*k**2/2 + 21*k - 6. Let f be d(4). Let g = 69 - f. Calculate the remainder wh